{"id":411,"date":"2021-01-10T07:10:43","date_gmt":"2021-01-10T07:10:43","guid":{"rendered":"http:\/\/www.xn--stadtfhrung-gunzenhausen-0sc.de\/?page_id=411"},"modified":"2021-07-27T21:35:15","modified_gmt":"2021-07-27T21:35:15","slug":"themenfuehrungen","status":"publish","type":"page","link":"https:\/\/www.xn--stadtfhrung-gunzenhausen-0sc.de\/?page_id=411","title":{"rendered":"Themenf\u00fchrungen"},"content":{"rendered":"\t\t<div data-elementor-type=\"wp-page\" data-elementor-id=\"411\" class=\"elementor elementor-411\">\n\t\t\t\t\t\t<section class=\"elementor-section elementor-top-section elementor-element elementor-element-187993c2 elementor-section-full_width elementor-section-stretched elementor-section-height-default elementor-section-height-default\" data-id=\"187993c2\" data-element_type=\"section\" data-settings=\"{&quot;stretch_section&quot;:&quot;section-stretched&quot;}\">\n\t\t\t\t\t\t<div class=\"elementor-container elementor-column-gap-no\">\n\t\t\t\t\t<div class=\"elementor-column elementor-col-100 elementor-top-column elementor-element elementor-element-6ba94aaa\" data-id=\"6ba94aaa\" data-element_type=\"column\">\n\t\t\t<div class=\"elementor-widget-wrap elementor-element-populated\">\n\t\t\t\t\t\t<div class=\"elementor-element elementor-element-369bc1fc elementor-widget elementor-widget-image\" data-id=\"369bc1fc\" data-element_type=\"widget\" data-widget_type=\"image.default\">\n\t\t\t\t<div class=\"elementor-widget-container\">\n\t\t\t\t\t\t\t\t\t\t\t\t\t<img fetchpriority=\"high\" decoding=\"async\" width=\"2722\" height=\"1077\" src=\"https:\/\/www.xn--stadtfhrung-gunzenhausen-0sc.de\/wp-content\/uploads\/2019\/07\/DSC_2855-e1610457251490.jpg\" class=\"attachment-full size-full wp-image-43\" alt=\"Stadtfuehrung Gunzenhausen Titelbild\" srcset=\"https:\/\/www.xn--stadtfhrung-gunzenhausen-0sc.de\/wp-content\/uploads\/2019\/07\/DSC_2855-e1610457251490.jpg 2722w, https:\/\/www.xn--stadtfhrung-gunzenhausen-0sc.de\/wp-content\/uploads\/2019\/07\/DSC_2855-e1610457251490-300x119.jpg 300w, https:\/\/www.xn--stadtfhrung-gunzenhausen-0sc.de\/wp-content\/uploads\/2019\/07\/DSC_2855-e1610457251490-768x304.jpg 768w, https:\/\/www.xn--stadtfhrung-gunzenhausen-0sc.de\/wp-content\/uploads\/2019\/07\/DSC_2855-e1610457251490-1024x405.jpg 1024w, https:\/\/www.xn--stadtfhrung-gunzenhausen-0sc.de\/wp-content\/uploads\/2019\/07\/DSC_2855-e1610457251490-1536x608.jpg 1536w, https:\/\/www.xn--stadtfhrung-gunzenhausen-0sc.de\/wp-content\/uploads\/2019\/07\/DSC_2855-e1610457251490-2048x810.jpg 2048w\" sizes=\"(max-width: 2722px) 100vw, 2722px\" \/>\t\t\t\t\t\t\t\t\t\t\t\t\t<\/div>\n\t\t\t\t<\/div>\n\t\t\t\t\t<\/div>\n\t\t<\/div>\n\t\t\t\t\t<\/div>\n\t\t<\/section>\n\t\t\t\t<section class=\"elementor-section elementor-top-section elementor-element elementor-element-61e2440f elementor-section-full_width elementor-section-height-default elementor-section-height-default\" data-id=\"61e2440f\" data-element_type=\"section\" data-settings=\"{&quot;shape_divider_bottom&quot;:&quot;curve&quot;}\">\n\t\t\t\t\t<div class=\"elementor-shape elementor-shape-bottom\" data-negative=\"false\">\n\t\t\t<svg xmlns=\"http:\/\/www.w3.org\/2000\/svg\" viewBox=\"0 0 1000 100\" preserveAspectRatio=\"none\">\n    <path class=\"elementor-shape-fill\" d=\"M1000,4.3V0H0v4.3C0.9,23.1,126.7,99.2,500,100S1000,22.7,1000,4.3z\"\/>\n<\/svg>\t\t<\/div>\n\t\t\t\t\t<div class=\"elementor-container elementor-column-gap-default\">\n\t\t\t\t\t<div class=\"elementor-column elementor-col-100 elementor-top-column elementor-element elementor-element-33f03faf\" data-id=\"33f03faf\" data-element_type=\"column\">\n\t\t\t<div class=\"elementor-widget-wrap elementor-element-populated\">\n\t\t\t\t\t\t<div class=\"elementor-element elementor-element-32e847ea elementor-widget elementor-widget-wp-widget-maxmegamenu\" data-id=\"32e847ea\" data-element_type=\"widget\" data-widget_type=\"wp-widget-maxmegamenu.default\">\n\t\t\t\t<div class=\"elementor-widget-container\">\n\t\t\t<div id=\"mega-menu-wrap-main_menu\" class=\"mega-menu-wrap\"><div class=\"mega-menu-toggle\"><div class=\"mega-toggle-blocks-left\"><\/div><div class=\"mega-toggle-blocks-center\"><\/div><div class=\"mega-toggle-blocks-right\"><div class='mega-toggle-block mega-menu-toggle-animated-block mega-toggle-block-0' id='mega-toggle-block-0'><button aria-label=\"Toggle Menu\" class=\"mega-toggle-animated mega-toggle-animated-slider\" type=\"button\" aria-expanded=\"false\">\n                  <span class=\"mega-toggle-animated-box\">\n                    <span class=\"mega-toggle-animated-inner\"><\/span>\n                  <\/span>\n                <\/button><\/div><\/div><\/div><ul id=\"mega-menu-main_menu\" class=\"mega-menu max-mega-menu mega-menu-horizontal mega-no-js\" data-event=\"hover_intent\" data-effect=\"slide\" data-effect-speed=\"200\" data-effect-mobile=\"slide_left\" data-effect-speed-mobile=\"400\" data-panel-inner-width=\"150px\" data-mobile-force-width=\"false\" data-second-click=\"close\" data-document-click=\"collapse\" data-vertical-behaviour=\"accordion\" data-breakpoint=\"768\" data-unbind=\"true\" data-mobile-state=\"collapse_all\" data-mobile-direction=\"vertical\" data-hover-intent-timeout=\"300\" data-hover-intent-interval=\"100\"><li class=\"mega-menu-item mega-menu-item-type-post_type mega-menu-item-object-page mega-menu-item-home mega-align-bottom-left mega-menu-flyout mega-menu-item-414\" id=\"mega-menu-item-414\"><a class=\"mega-menu-link\" href=\"https:\/\/www.xn--stadtfhrung-gunzenhausen-0sc.de\/\" tabindex=\"0\">Startseite<\/a><\/li><li class=\"mega-menu-item mega-menu-item-type-post_type mega-menu-item-object-page mega-align-bottom-left mega-menu-flyout mega-menu-item-415\" id=\"mega-menu-item-415\"><a class=\"mega-menu-link\" href=\"https:\/\/www.xn--stadtfhrung-gunzenhausen-0sc.de\/?page_id=13\" tabindex=\"0\">\u00dcber uns<\/a><\/li><li class=\"mega-menu-item mega-menu-item-type-post_type mega-menu-item-object-page mega-menu-megamenu mega-align-bottom-right mega-menu-megamenu mega-menu-item-416\" id=\"mega-menu-item-416\"><a class=\"mega-menu-link\" href=\"https:\/\/www.xn--stadtfhrung-gunzenhausen-0sc.de\/?page_id=14\" tabindex=\"0\">F\u00fchrungen<\/a><\/li><li class=\"mega-menu-item mega-menu-item-type-post_type mega-menu-item-object-page mega-align-bottom-left mega-menu-flyout mega-menu-item-1136\" id=\"mega-menu-item-1136\"><a class=\"mega-menu-link\" href=\"https:\/\/www.xn--stadtfhrung-gunzenhausen-0sc.de\/?page_id=1134\" tabindex=\"0\">Gutschein<\/a><\/li><li class=\"mega-menu-item mega-menu-item-type-post_type mega-menu-item-object-page mega-align-bottom-left mega-menu-flyout mega-menu-item-417\" id=\"mega-menu-item-417\"><a class=\"mega-menu-link\" href=\"https:\/\/www.xn--stadtfhrung-gunzenhausen-0sc.de\/?page_id=15\" tabindex=\"0\">Kontakt<\/a><\/li><\/ul><\/div>\t\t<\/div>\n\t\t\t\t<\/div>\n\t\t\t\t\t<\/div>\n\t\t<\/div>\n\t\t\t\t\t<\/div>\n\t\t<\/section>\n\t\t\t\t<section class=\"elementor-section elementor-top-section elementor-element elementor-element-ea61758 elementor-section-boxed elementor-section-height-default elementor-section-height-default\" data-id=\"ea61758\" data-element_type=\"section\">\n\t\t\t\t\t\t<div class=\"elementor-container elementor-column-gap-default\">\n\t\t\t\t\t<div class=\"elementor-column elementor-col-100 elementor-top-column elementor-element elementor-element-781b78ef\" data-id=\"781b78ef\" data-element_type=\"column\">\n\t\t\t<div class=\"elementor-widget-wrap elementor-element-populated\">\n\t\t\t\t\t\t<div class=\"elementor-element elementor-element-43d45d86 elementor-hidden-tablet elementor-hidden-phone elementor-widget-divider--view-line elementor-widget elementor-widget-divider\" data-id=\"43d45d86\" data-element_type=\"widget\" data-widget_type=\"divider.default\">\n\t\t\t\t<div class=\"elementor-widget-container\">\n\t\t\t\t\t<div class=\"elementor-divider\">\n\t\t\t<span class=\"elementor-divider-separator\">\n\t\t\t\t\t\t<\/span>\n\t\t<\/div>\n\t\t\t\t<\/div>\n\t\t\t\t<\/div>\n\t\t\t\t\t<\/div>\n\t\t<\/div>\n\t\t\t\t\t<\/div>\n\t\t<\/section>\n\t\t\t\t<section class=\"elementor-section elementor-top-section elementor-element elementor-element-344ba244 elementor-section-full_width elementor-section-height-default elementor-section-height-default\" data-id=\"344ba244\" data-element_type=\"section\">\n\t\t\t\t\t\t<div class=\"elementor-container elementor-column-gap-default\">\n\t\t\t\t\t<div class=\"elementor-column elementor-col-100 elementor-top-column elementor-element elementor-element-33721f92\" data-id=\"33721f92\" data-element_type=\"column\">\n\t\t\t<div class=\"elementor-widget-wrap elementor-element-populated\">\n\t\t\t\t\t\t<div class=\"elementor-element elementor-element-9a86fb4 elementor-widget elementor-widget-image\" data-id=\"9a86fb4\" data-element_type=\"widget\" data-widget_type=\"image.default\">\n\t\t\t\t<div class=\"elementor-widget-container\">\n\t\t\t\t\t\t\t\t\t\t\t\t\t<img decoding=\"async\" width=\"768\" height=\"190\" src=\"https:\/\/www.xn--stadtfhrung-gunzenhausen-0sc.de\/wp-content\/uploads\/2021\/01\/Schrift_Themenfuehrungen-768x190.png\" class=\"attachment-medium_large size-medium_large wp-image-533\" alt=\"\" srcset=\"https:\/\/www.xn--stadtfhrung-gunzenhausen-0sc.de\/wp-content\/uploads\/2021\/01\/Schrift_Themenfuehrungen-768x190.png 768w, https:\/\/www.xn--stadtfhrung-gunzenhausen-0sc.de\/wp-content\/uploads\/2021\/01\/Schrift_Themenfuehrungen-300x74.png 300w, https:\/\/www.xn--stadtfhrung-gunzenhausen-0sc.de\/wp-content\/uploads\/2021\/01\/Schrift_Themenfuehrungen-1024x254.png 1024w, https:\/\/www.xn--stadtfhrung-gunzenhausen-0sc.de\/wp-content\/uploads\/2021\/01\/Schrift_Themenfuehrungen-1536x380.png 1536w, https:\/\/www.xn--stadtfhrung-gunzenhausen-0sc.de\/wp-content\/uploads\/2021\/01\/Schrift_Themenfuehrungen.png 1575w\" sizes=\"(max-width: 768px) 100vw, 768px\" \/>\t\t\t\t\t\t\t\t\t\t\t\t\t<\/div>\n\t\t\t\t<\/div>\n\t\t\t\t\t<\/div>\n\t\t<\/div>\n\t\t\t\t\t<\/div>\n\t\t<\/section>\n\t\t\t\t<section class=\"elementor-section elementor-top-section elementor-element elementor-element-f1974ec elementor-section-boxed elementor-section-height-default elementor-section-height-default\" data-id=\"f1974ec\" data-element_type=\"section\">\n\t\t\t\t\t\t<div class=\"elementor-container elementor-column-gap-default\">\n\t\t\t\t\t<div class=\"elementor-column elementor-col-100 elementor-top-column elementor-element elementor-element-1d7e892\" data-id=\"1d7e892\" data-element_type=\"column\">\n\t\t\t<div class=\"elementor-widget-wrap elementor-element-populated\">\n\t\t\t\t\t\t<div class=\"elementor-element elementor-element-473c713 elementor-widget elementor-widget-text-editor\" data-id=\"473c713\" data-element_type=\"widget\" data-widget_type=\"text-editor.default\">\n\t\t\t\t<div class=\"elementor-widget-container\">\n\t\t\t\t\t\t\t<p>Eine Stadtf\u00fchrung ist die sch\u00f6nste Art, um Gunzenhausen besser kennenzulernen. Erleben Sie mit uns individuelle Themenf\u00fchrungen:<\/p>\t\t\t\t\t\t<\/div>\n\t\t\t\t<\/div>\n\t\t\t\t\t<\/div>\n\t\t<\/div>\n\t\t\t\t\t<\/div>\n\t\t<\/section>\n\t\t\t\t<section class=\"elementor-section elementor-top-section elementor-element elementor-element-72024a44 elementor-section-boxed elementor-section-height-default elementor-section-height-default\" data-id=\"72024a44\" data-element_type=\"section\">\n\t\t\t\t\t\t<div class=\"elementor-container elementor-column-gap-default\">\n\t\t\t\t\t<div class=\"elementor-column elementor-col-100 elementor-top-column elementor-element elementor-element-1329a9d5\" data-id=\"1329a9d5\" data-element_type=\"column\">\n\t\t\t<div class=\"elementor-widget-wrap elementor-element-populated\">\n\t\t\t\t\t\t<div class=\"elementor-element elementor-element-7f31247f elementor-widget-divider--view-line elementor-widget elementor-widget-divider\" data-id=\"7f31247f\" data-element_type=\"widget\" data-widget_type=\"divider.default\">\n\t\t\t\t<div class=\"elementor-widget-container\">\n\t\t\t\t\t<div class=\"elementor-divider\">\n\t\t\t<span class=\"elementor-divider-separator\">\n\t\t\t\t\t\t<\/span>\n\t\t<\/div>\n\t\t\t\t<\/div>\n\t\t\t\t<\/div>\n\t\t\t\t\t<\/div>\n\t\t<\/div>\n\t\t\t\t\t<\/div>\n\t\t<\/section>\n\t\t\t\t<section class=\"elementor-section elementor-top-section elementor-element elementor-element-4eb57d2 elementor-section-boxed elementor-section-height-default elementor-section-height-default\" data-id=\"4eb57d2\" data-element_type=\"section\">\n\t\t\t\t\t\t<div class=\"elementor-container elementor-column-gap-default\">\n\t\t\t\t\t<div class=\"elementor-column elementor-col-33 elementor-top-column elementor-element elementor-element-620b14f\" data-id=\"620b14f\" data-element_type=\"column\">\n\t\t\t<div class=\"elementor-widget-wrap elementor-element-populated\">\n\t\t\t\t\t\t<div class=\"elementor-element elementor-element-8757e5c elementor-widget elementor-widget-text-editor\" data-id=\"8757e5c\" data-element_type=\"widget\" data-widget_type=\"text-editor.default\">\n\t\t\t\t<div class=\"elementor-widget-container\">\n\t\t\t\t\t\t\t<p style=\"text-align: center;\"><span style=\"text-decoration: underline;\"><em>Gunzenhausen bei Nacht<\/em><\/span><\/p>\n<p style=\"text-align: center;\">Wandeln Sie mit uns durch die n\u00e4chtlichen Gassen von Gunzenhausen und lassen Sie sich von bezaubernden Liebes- und Leidensgeschichten ber\u00fchren.<\/p>\n<p style=\"text-align: center;\">Termine:<br>Juni: 2. + 16. + 30.\/ <br>Juli: 14. + 28.\/ <br>August: 11. + 25.\/ <br>September: 8. + 22.<\/p>\t\t\t\t\t\t<\/div>\n\t\t\t\t<\/div>\n\t\t\t\t\t<\/div>\n\t\t<\/div>\n\t\t\t\t<div class=\"elementor-column elementor-col-33 elementor-top-column elementor-element elementor-element-f85e7d8\" data-id=\"f85e7d8\" data-element_type=\"column\">\n\t\t\t<div class=\"elementor-widget-wrap elementor-element-populated\">\n\t\t\t\t\t\t<div class=\"elementor-element elementor-element-49c75c5 elementor-widget elementor-widget-text-editor\" data-id=\"49c75c5\" data-element_type=\"widget\" data-widget_type=\"text-editor.default\">\n\t\t\t\t<div class=\"elementor-widget-container\">\n\t\t\t\t\t\t\t<p style=\"text-align: center;\"><span style=\"text-decoration: underline;\"><em>Hebammen, Bader und andere Heilkundige<\/em><\/span><\/p><p style=\"text-align: center;\">Staunen Sie \u00fcber die Badekultur im Mittelalter, die Aufgaben der Hebammen und Bader sowie \u00fcber den Goldsucher und Heilkundigen Johann Reichardt.<\/p><p style=\"text-align: center;\"><span style=\"font-size: 15px;\"><br \/>Termine:\u00a0<\/span><span style=\"font-size: 15px;\"><br \/><\/span>Juni: 9. + 23.\/ <br \/>Juli: 7. + 21.\/ <br \/>August: 4. + 18.\/ <br \/>September: 1. + 15. + 29.<\/p>\t\t\t\t\t\t<\/div>\n\t\t\t\t<\/div>\n\t\t\t\t\t<\/div>\n\t\t<\/div>\n\t\t\t\t<div class=\"elementor-column elementor-col-33 elementor-top-column elementor-element elementor-element-17da3c1\" data-id=\"17da3c1\" data-element_type=\"column\">\n\t\t\t<div class=\"elementor-widget-wrap elementor-element-populated\">\n\t\t\t\t\t\t<div class=\"elementor-element elementor-element-a5c5bce elementor-widget elementor-widget-text-editor\" data-id=\"a5c5bce\" data-element_type=\"widget\" data-widget_type=\"text-editor.default\">\n\t\t\t\t<div class=\"elementor-widget-container\">\n\t\t\t\t\t\t\t<p style=\"text-align: center;\"><span style=\"text-decoration: underline;\"><em>Leben mit dem Davidstern<\/em><\/span><\/p><p style=\"text-align: center;\">Wie lebte die j\u00fcdische Gemeinde in Gunzenhausen? Begeben Sie sich mit uns auf Spurensuche nach j\u00fcdischem Leben und j\u00fcdischer Kultur.<\/p><p style=\"text-align: center;\"><br \/>Termine nach Anfrage, Mindestteilnehmerzahl 6<\/p>\t\t\t\t\t\t<\/div>\n\t\t\t\t<\/div>\n\t\t\t\t\t<\/div>\n\t\t<\/div>\n\t\t\t\t\t<\/div>\n\t\t<\/section>\n\t\t\t\t<section class=\"elementor-section elementor-top-section elementor-element elementor-element-5e08276 elementor-section-boxed elementor-section-height-default elementor-section-height-default\" data-id=\"5e08276\" data-element_type=\"section\">\n\t\t\t\t\t\t<div class=\"elementor-container elementor-column-gap-default\">\n\t\t\t\t\t<div class=\"elementor-column elementor-col-100 elementor-top-column elementor-element elementor-element-8213501\" data-id=\"8213501\" data-element_type=\"column\">\n\t\t\t<div class=\"elementor-widget-wrap elementor-element-populated\">\n\t\t\t\t\t\t<div class=\"elementor-element elementor-element-a668657 elementor-widget elementor-widget-spacer\" data-id=\"a668657\" data-element_type=\"widget\" data-widget_type=\"spacer.default\">\n\t\t\t\t<div class=\"elementor-widget-container\">\n\t\t\t\t\t<div class=\"elementor-spacer\">\n\t\t\t<div class=\"elementor-spacer-inner\"><\/div>\n\t\t<\/div>\n\t\t\t\t<\/div>\n\t\t\t\t<\/div>\n\t\t\t\t<div class=\"elementor-element elementor-element-cf46477 elementor-widget elementor-widget-text-editor\" data-id=\"cf46477\" data-element_type=\"widget\" data-widget_type=\"text-editor.default\">\n\t\t\t\t<div class=\"elementor-widget-container\">\n\t\t\t\t\t\t\t<p><span style=\"color: #eb5652;\">Treffpunkt f\u00fcr alle F\u00fchrungen gegen\u00fcber dem Caf\u00e9 am Wehrgang, Wei\u00dfenburger Stra\u00dfe 15<\/span><\/p><p><span style=\"color: #eb5652;\">Mittwochs um 20h&nbsp;<\/span><\/p>\n<p><span style=\"color: #eb5652;\">Dauer jeweils ca. 1,5 Std. \/ pro Person 6,50\u20ac<\/span><\/p>\n<p><span style=\"color: #eb5652;\">Wir m\u00fcssen derzeit um Voranmeldung bitten. Vielen Dank f\u00fcr Ihr Verst\u00e4ndnis.<\/span><\/p>\n<p><span style=\"color: #eb5652;\">Telefon: <span style=\"color: #000000;\"><a style=\"color: #000000;\" href=\"tel:016098713530\"><span style=\"text-decoration: underline;\">0160 98713530<\/span><\/a><\/span><\/span><\/p>\n<p><span style=\"color: #eb5652;\">E-Mail: <span style=\"color: #000000;\"><a style=\"color: #000000;\" href=\"mailto:info@stadtfuehrung-gunzenhausen.de\"><span style=\"text-decoration: underline;\">info@stadtfuehrung-gunzenhausen.de<\/span><\/a><\/span><\/span><\/p>\t\t\t\t\t\t<\/div>\n\t\t\t\t<\/div>\n\t\t\t\t<div class=\"elementor-element elementor-element-a2975f8 elementor-widget elementor-widget-google_maps\" data-id=\"a2975f8\" data-element_type=\"widget\" data-widget_type=\"google_maps.default\">\n\t\t\t\t<div class=\"elementor-widget-container\">\n\t\t\t\t\t<div class=\"elementor-custom-embed\">\n\t\t\t<iframe loading=\"lazy\"\n\t\t\t\t\tsrc=\"https:\/\/maps.google.com\/maps?q=Cafe%20am%20wehrgang%2C%20Gunzenhausen&#038;t=m&#038;z=18&#038;output=embed&#038;iwloc=near\"\n\t\t\t\t\ttitle=\"Cafe am wehrgang, Gunzenhausen\"\n\t\t\t\t\taria-label=\"Cafe am wehrgang, Gunzenhausen\"\n\t\t\t><\/iframe>\n\t\t<\/div>\n\t\t\t\t<\/div>\n\t\t\t\t<\/div>\n\t\t\t\t\t<\/div>\n\t\t<\/div>\n\t\t\t\t\t<\/div>\n\t\t<\/section>\n\t\t\t\t<section class=\"elementor-section elementor-top-section elementor-element elementor-element-39fda19 elementor-section-boxed elementor-section-height-default elementor-section-height-default\" data-id=\"39fda19\" data-element_type=\"section\">\n\t\t\t\t\t\t<div class=\"elementor-container elementor-column-gap-default\">\n\t\t\t\t\t<div class=\"elementor-column elementor-col-100 elementor-top-column elementor-element elementor-element-57a0e95\" data-id=\"57a0e95\" data-element_type=\"column\">\n\t\t\t<div class=\"elementor-widget-wrap elementor-element-populated\">\n\t\t\t\t\t\t<div class=\"elementor-element elementor-element-e74a115 elementor-widget-divider--view-line elementor-widget elementor-widget-divider\" data-id=\"e74a115\" data-element_type=\"widget\" data-widget_type=\"divider.default\">\n\t\t\t\t<div class=\"elementor-widget-container\">\n\t\t\t\t\t<div class=\"elementor-divider\">\n\t\t\t<span class=\"elementor-divider-separator\">\n\t\t\t\t\t\t<\/span>\n\t\t<\/div>\n\t\t\t\t<\/div>\n\t\t\t\t<\/div>\n\t\t\t\t\t<\/div>\n\t\t<\/div>\n\t\t\t\t\t<\/div>\n\t\t<\/section>\n\t\t\t\t<section class=\"elementor-section elementor-top-section elementor-element elementor-element-5d234901 elementor-section-boxed elementor-section-height-default elementor-section-height-default\" data-id=\"5d234901\" data-element_type=\"section\">\n\t\t\t\t\t\t<div class=\"elementor-container elementor-column-gap-default\">\n\t\t\t\t\t<div class=\"elementor-column elementor-col-100 elementor-top-column elementor-element elementor-element-57530ae3\" data-id=\"57530ae3\" data-element_type=\"column\">\n\t\t\t<div class=\"elementor-widget-wrap elementor-element-populated\">\n\t\t\t\t\t\t<div class=\"elementor-element elementor-element-a014b1 elementor-widget elementor-widget-wp-widget-ocean_custom_menu\" data-id=\"a014b1\" data-element_type=\"widget\" data-widget_type=\"wp-widget-ocean_custom_menu.default\">\n\t\t\t\t<div class=\"elementor-widget-container\">\n\t\t\t<style type=\"text\/css\">.ocean_custom_menu-REPLACE_TO_ID > ul > li > a, .custom-menu-widget .ocean_custom_menu-REPLACE_TO_ID .dropdown-menu .sub-menu li a.menu-link{color:#6a6a6a;font-size:12px;line-height:15px;}.custom-menu-widget .ocean_custom_menu-REPLACE_TO_ID.oceanwp-custom-menu > ul.click-menu .open-this{color:#6a6a6a;font-size:12px;}.ocean_custom_menu-REPLACE_TO_ID > ul > li > a:hover, .custom-menu-widget .ocean_custom_menu-REPLACE_TO_ID .dropdown-menu .sub-menu li a.menu-link:hover{color:#EB5652;}.custom-menu-widget .ocean_custom_menu-REPLACE_TO_ID.oceanwp-custom-menu > ul.click-menu .open-this:hover{color:#EB5652;}<\/style><div class=\"oceanwp-custom-menu clr ocean_custom_menu-REPLACE_TO_ID center dropdown-hover\"><ul id=\"menu-footer\" class=\"dropdown-menu sf-menu\"><li  id=\"menu-item-29\" class=\"menu-item menu-item-type-post_type menu-item-object-page menu-item-29\"><a href=\"https:\/\/www.xn--stadtfhrung-gunzenhausen-0sc.de\/?page_id=16\" class=\"menu-link\">Impressum<\/a><\/li>\n<li  id=\"menu-item-30\" class=\"menu-item menu-item-type-post_type menu-item-object-page menu-item-30\"><a href=\"https:\/\/www.xn--stadtfhrung-gunzenhausen-0sc.de\/?page_id=17\" class=\"menu-link\">Datenschutzerkl\u00e4rung<\/a><\/li>\n<li  id=\"menu-item-776\" class=\"menu-item menu-item-type-custom menu-item-object-custom menu-item-776\"><a href=\"https:\/\/www.facebook.com\/stadtfuehrung.gunzenhausen\" class=\"menu-link\" rel=\"nofollow noopener\" target=\"_blank\">Facebook<\/a><\/li>\n<li  id=\"menu-item-777\" class=\"menu-item menu-item-type-custom menu-item-object-custom menu-item-777\"><a href=\"https:\/\/www.instagram.com\/stadtfuehrung_gunzenhausen\/\" class=\"menu-link\" rel=\"nofollow noopener\" target=\"_blank\">Instagram<\/a><\/li>\n<\/ul><\/div>\t\t<\/div>\n\t\t\t\t<\/div>\n\t\t\t\t\t<\/div>\n\t\t<\/div>\n\t\t\t\t\t<\/div>\n\t\t<\/section>\n\t\t\t\t<\/div>\n\t\t","protected":false},"excerpt":{"rendered":"<p>Eine Stadtf\u00fchrung ist die sch\u00f6nste Art, um Gunzenhausen besser kennenzulernen. Erleben Sie mit uns individuelle Themenf\u00fchrungen: Gunzenhausen bei Nacht Wandeln Sie mit uns durch die n\u00e4chtlichen Gassen von Gunzenhausen und [&hellip;]<\/p>\n","protected":false},"author":1,"featured_media":0,"parent":0,"menu_order":0,"comment_status":"closed","ping_status":"closed","template":"","meta":{"ocean_post_layout":"","ocean_both_sidebars_style":"","ocean_both_sidebars_content_width":0,"ocean_both_sidebars_sidebars_width":0,"ocean_sidebar":"0","ocean_second_sidebar":"0","ocean_disable_margins":"on","ocean_add_body_class":"","ocean_shortcode_before_top_bar":"","ocean_shortcode_after_top_bar":"","ocean_shortcode_before_header":"","ocean_shortcode_after_header":"","ocean_has_shortcode":"","ocean_shortcode_after_title":"","ocean_shortcode_before_footer_widgets":"","ocean_shortcode_after_footer_widgets":"","ocean_shortcode_before_footer_bottom":"","ocean_shortcode_after_footer_bottom":"","ocean_display_top_bar":"off","ocean_display_header":"off","ocean_header_style":"","ocean_center_header_left_menu":"0","ocean_custom_header_template":"0","ocean_custom_logo":0,"ocean_custom_retina_logo":0,"ocean_custom_logo_max_width":0,"ocean_custom_logo_tablet_max_width":0,"ocean_custom_logo_mobile_max_width":0,"ocean_custom_logo_max_height":0,"ocean_custom_logo_tablet_max_height":0,"ocean_custom_logo_mobile_max_height":0,"ocean_header_custom_menu":"0","ocean_menu_typo_font_family":"0","ocean_menu_typo_font_subset":"","ocean_menu_typo_font_size":0,"ocean_menu_typo_font_size_tablet":0,"ocean_menu_typo_font_size_mobile":0,"ocean_menu_typo_font_size_unit":"px","ocean_menu_typo_font_weight":"","ocean_menu_typo_font_weight_tablet":"","ocean_menu_typo_font_weight_mobile":"","ocean_menu_typo_transform":"","ocean_menu_typo_transform_tablet":"","ocean_menu_typo_transform_mobile":"","ocean_menu_typo_line_height":0,"ocean_menu_typo_line_height_tablet":0,"ocean_menu_typo_line_height_mobile":0,"ocean_menu_typo_line_height_unit":"","ocean_menu_typo_spacing":0,"ocean_menu_typo_spacing_tablet":0,"ocean_menu_typo_spacing_mobile":0,"ocean_menu_typo_spacing_unit":"","ocean_menu_link_color":"","ocean_menu_link_color_hover":"","ocean_menu_link_color_active":"","ocean_menu_link_background":"","ocean_menu_link_hover_background":"","ocean_menu_link_active_background":"","ocean_menu_social_links_bg":"","ocean_menu_social_hover_links_bg":"","ocean_menu_social_links_color":"","ocean_menu_social_hover_links_color":"","ocean_disable_title":"on","ocean_disable_heading":"default","ocean_post_title":"","ocean_post_subheading":"","ocean_post_title_style":"","ocean_post_title_background_color":"","ocean_post_title_background":0,"ocean_post_title_bg_image_position":"","ocean_post_title_bg_image_attachment":"","ocean_post_title_bg_image_repeat":"","ocean_post_title_bg_image_size":"","ocean_post_title_height":0,"ocean_post_title_bg_overlay":0.5,"ocean_post_title_bg_overlay_color":"","ocean_disable_breadcrumbs":"off","ocean_breadcrumbs_color":"","ocean_breadcrumbs_separator_color":"","ocean_breadcrumbs_links_color":"","ocean_breadcrumbs_links_hover_color":"","ocean_display_footer_widgets":"off","ocean_display_footer_bottom":"off","ocean_custom_footer_template":"0"},"_links":{"self":[{"href":"https:\/\/www.xn--stadtfhrung-gunzenhausen-0sc.de\/index.php?rest_route=\/wp\/v2\/pages\/411"}],"collection":[{"href":"https:\/\/www.xn--stadtfhrung-gunzenhausen-0sc.de\/index.php?rest_route=\/wp\/v2\/pages"}],"about":[{"href":"https:\/\/www.xn--stadtfhrung-gunzenhausen-0sc.de\/index.php?rest_route=\/wp\/v2\/types\/page"}],"author":[{"embeddable":true,"href":"https:\/\/www.xn--stadtfhrung-gunzenhausen-0sc.de\/index.php?rest_route=\/wp\/v2\/users\/1"}],"replies":[{"embeddable":true,"href":"https:\/\/www.xn--stadtfhrung-gunzenhausen-0sc.de\/index.php?rest_route=%2Fwp%2Fv2%2Fcomments&post=411"}],"version-history":[{"count":33,"href":"https:\/\/www.xn--stadtfhrung-gunzenhausen-0sc.de\/index.php?rest_route=\/wp\/v2\/pages\/411\/revisions"}],"predecessor-version":[{"id":781,"href":"https:\/\/www.xn--stadtfhrung-gunzenhausen-0sc.de\/index.php?rest_route=\/wp\/v2\/pages\/411\/revisions\/781"}],"wp:attachment":[{"href":"https:\/\/www.xn--stadtfhrung-gunzenhausen-0sc.de\/index.php?rest_route=%2Fwp%2Fv2%2Fmedia&parent=411"}],"curies":[{"name":"wp","href":"https:\/\/api.w.org\/{rel}","templated":true}]}}